{"id":1868,"date":"2023-11-21T08:07:04","date_gmt":"2023-11-21T08:07:04","guid":{"rendered":"https:\/\/fphy.usthb.dz\/?page_id=1868"},"modified":"2024-11-24T10:49:08","modified_gmt":"2024-11-24T10:49:08","slug":"etudiants","status":"publish","type":"page","link":"https:\/\/fphy.usthb.dz\/index.php\/etudiants\/","title":{"rendered":"Etudiants"},"content":{"rendered":"\n<p><strong>Documents \u00e0 t\u00e9l\u00e9charger :<\/strong><\/p>\n\n\n\n<ul class=\"wp-block-list\">\n<li><a href=\"http:\/\/fphy.usthb.dz\/wp-content\/uploads\/2023\/11\/RapportStage_Nom_Prenom_Lx.pdf\">Rapport de stage<\/a><\/li>\n\n\n\n<li><a href=\"https:\/\/forms.gle\/zpBztuUAYEpcbAmu6\">le lien pour la demande de stages .<\/a><\/li>\n<\/ul>\n\n\n\n<p><\/p>\n","protected":false},"excerpt":{"rendered":"<p>Documents \u00e0 t\u00e9l\u00e9charger :<\/p>\n","protected":false},"author":2,"featured_media":0,"parent":0,"menu_order":0,"comment_status":"closed","ping_status":"closed","template":"","meta":{"footnotes":""},"class_list":["post-1868","page","type-page","status-publish","hentry"],"_links":{"self":[{"href":"https:\/\/fphy.usthb.dz\/index.php\/wp-json\/wp\/v2\/pages\/1868","targetHints":{"allow":["GET"]}}],"collection":[{"href":"https:\/\/fphy.usthb.dz\/index.php\/wp-json\/wp\/v2\/pages"}],"about":[{"href":"https:\/\/fphy.usthb.dz\/index.php\/wp-json\/wp\/v2\/types\/page"}],"author":[{"embeddable":true,"href":"https:\/\/fphy.usthb.dz\/index.php\/wp-json\/wp\/v2\/users\/2"}],"replies":[{"embeddable":true,"href":"https:\/\/fphy.usthb.dz\/index.php\/wp-json\/wp\/v2\/comments?post=1868"}],"version-history":[{"count":2,"href":"https:\/\/fphy.usthb.dz\/index.php\/wp-json\/wp\/v2\/pages\/1868\/revisions"}],"predecessor-version":[{"id":2747,"href":"https:\/\/fphy.usthb.dz\/index.php\/wp-json\/wp\/v2\/pages\/1868\/revisions\/2747"}],"wp:attachment":[{"href":"https:\/\/fphy.usthb.dz\/index.php\/wp-json\/wp\/v2\/media?parent=1868"}],"curies":[{"name":"wp","href":"https:\/\/api.w.org\/{rel}","templated":true}]}}