{"id":249,"date":"2022-05-16T03:23:16","date_gmt":"2022-05-16T03:23:16","guid":{"rendered":"http:\/\/193.194.89.205\/?page_id=249"},"modified":"2022-09-12T10:26:46","modified_gmt":"2022-09-12T10:26:46","slug":"calendrier-universitaire","status":"publish","type":"page","link":"https:\/\/fphy.usthb.dz\/index.php\/calendrier-universitaire\/","title":{"rendered":"Dossier d&#8217;inscription"},"content":{"rendered":"\n<h3 class=\"wp-block-heading\" id=\"licence-de-physique\">licence de Physique<\/h3>\n\n\n\n<h6 class=\"wp-block-heading\" id=\"dossier-d-inscription-definitive\">Dossier d\u2019inscription d\u00e9finitive<\/h6>\n\n\n\n<ul class=\"wp-block-list\"><li>Copie de l\u2019attestation de r\u00e9ussite au baccalaur\u00e9at (relev\u00e9 de notes du BAC)<\/li><li>Un (01) acte de naissance N\u00b012<\/li><li>Deux (02) photos d\u2019identit\u00e9<\/li><li>Une fiche signal\u00e9tique \u00e0 renseigner (imprim\u00e9s d\u00e9livr\u00e9s par l\u2019administration durant la p\u00e9riode des inscriptions)<\/li><\/ul>\n\n\n\n<h3 class=\"wp-block-heading\" id=\"master-2022-2023\">Master 2022\/2023<\/h3>\n\n\n\n<p>Le d\u00e9p\u00f4t des demandes d\u2019inscription en Master se fera&nbsp;exclusivement en ligne&nbsp;\u00e0 travers le site&nbsp;:<a href=\"https:\/\/progres.mesrs.dz\/webinscription\/\">www.progres.mesrs.dz\/webinscription<\/a><\/p>\n\n\n\n<p>Les \u00e9tudiants, Hors-USTHB d\u00e9sirant suivre une formation Master 1 \u00e0 la Facult\u00e9 de Physique de l\u2019USTHB, sont pri\u00e9s de d\u00e9poser leurs dossiers de candidature en ligne, \u00e0 travers  le lien : <a rel=\"noreferrer noopener\" href=\"https:\/\/ent.usthb.dz\/Soumission_master_externe\" target=\"_blank\">https:\/\/ent.usthb.dz\/Soumission_master_externe<\/a>\u00a0.<\/p>\n\n\n\n<pre class=\"wp-block-verse\">Le dernier d\u00e9lai de soumission des candidatures est fix\u00e9e au\u00a0<strong>Mercredi 14 septembre 2022.<\/strong> \n<\/pre>\n\n\n\n<h6 class=\"wp-block-heading\" id=\"dossier-d-inscription-definitive-master\">Dossier d&#8217;inscription d\u00e9finitive &#8216;Master&#8217;<\/h6>\n\n\n\n<h6 class=\"wp-block-heading\" id=\"etudiants-nouveaux-diplomes-usthb\">Etudiants nouveaux dipl\u00f4m\u00e9s USTHB&nbsp;:<br><br><\/h6>\n\n\n\n<p><img loading=\"lazy\" decoding=\"async\" width=\"8\" height=\"11\" src=\"\">&nbsp;Extrait de naissance.<br><img loading=\"lazy\" decoding=\"async\" width=\"8\" height=\"11\" src=\"\">&nbsp;02 photos.<br><img loading=\"lazy\" decoding=\"async\" width=\"8\" height=\"11\" src=\"\">&nbsp;Copie de relev\u00e9 de note de BAC.<br><img loading=\"lazy\" decoding=\"async\" width=\"8\" height=\"11\" src=\"\">&nbsp;Original de dipl\u00f4me de licence.<\/p>\n\n\n\n<h6 class=\"wp-block-heading\" id=\"etudiants-diplomes-hors-usthb\">Etudiants dipl\u00f4m\u00e9s hors USTHB&nbsp;:<\/h6>\n\n\n\n<p><img loading=\"lazy\" decoding=\"async\" width=\"8\" height=\"11\" src=\"\">&nbsp;03 fiches \u00e0 remplir (document fourni).<br><img loading=\"lazy\" decoding=\"async\" width=\"8\" height=\"11\" src=\"\">&nbsp;02 photos.<br><img loading=\"lazy\" decoding=\"async\" width=\"8\" height=\"11\" src=\"\">&nbsp;Copie de relev\u00e9 de note de BAC.<br><img loading=\"lazy\" decoding=\"async\" width=\"8\" height=\"11\" src=\"\">&nbsp;Copies de relev\u00e9s de notes de licence.<br><img loading=\"lazy\" decoding=\"async\" width=\"8\" height=\"11\" src=\"\">&nbsp;Extrait de naissance.<br><img loading=\"lazy\" decoding=\"async\" width=\"8\" height=\"11\" src=\"\">&nbsp;Original de dipl\u00f4me de licence.<\/p>\n","protected":false},"excerpt":{"rendered":"<p>licence de Physique Dossier d\u2019inscription d\u00e9finitive Copie de l\u2019attestation de r\u00e9ussite au baccalaur\u00e9at (relev\u00e9 de notes du BAC) Un (01) <span class=\"readmore\"><a href=\"https:\/\/fphy.usthb.dz\/index.php\/calendrier-universitaire\/\">Suite<\/a><\/span><\/p>\n","protected":false},"author":2,"featured_media":0,"parent":0,"menu_order":0,"comment_status":"closed","ping_status":"closed","template":"","meta":{"footnotes":""},"class_list":["post-249","page","type-page","status-publish","hentry"],"_links":{"self":[{"href":"https:\/\/fphy.usthb.dz\/index.php\/wp-json\/wp\/v2\/pages\/249","targetHints":{"allow":["GET"]}}],"collection":[{"href":"https:\/\/fphy.usthb.dz\/index.php\/wp-json\/wp\/v2\/pages"}],"about":[{"href":"https:\/\/fphy.usthb.dz\/index.php\/wp-json\/wp\/v2\/types\/page"}],"author":[{"embeddable":true,"href":"https:\/\/fphy.usthb.dz\/index.php\/wp-json\/wp\/v2\/users\/2"}],"replies":[{"embeddable":true,"href":"https:\/\/fphy.usthb.dz\/index.php\/wp-json\/wp\/v2\/comments?post=249"}],"version-history":[{"count":3,"href":"https:\/\/fphy.usthb.dz\/index.php\/wp-json\/wp\/v2\/pages\/249\/revisions"}],"predecessor-version":[{"id":873,"href":"https:\/\/fphy.usthb.dz\/index.php\/wp-json\/wp\/v2\/pages\/249\/revisions\/873"}],"wp:attachment":[{"href":"https:\/\/fphy.usthb.dz\/index.php\/wp-json\/wp\/v2\/media?parent=249"}],"curies":[{"name":"wp","href":"https:\/\/api.w.org\/{rel}","templated":true}]}}