{"id":373,"date":"2022-05-30T01:47:37","date_gmt":"2022-05-30T01:47:37","guid":{"rendered":"http:\/\/193.194.89.205\/?page_id=373"},"modified":"2025-09-16T12:38:36","modified_gmt":"2025-09-16T12:38:36","slug":"presentation","status":"publish","type":"page","link":"https:\/\/fphy.usthb.dz\/index.php\/presentation\/","title":{"rendered":"Pr\u00e9sentation"},"content":{"rendered":"\n<figure class=\"wp-block-image size-full is-style-rounded\"><img loading=\"lazy\" decoding=\"async\" width=\"1024\" height=\"423\" src=\"http:\/\/193.194.89.205\/wp-content\/uploads\/2022\/05\/fac1.png\" alt=\"\" class=\"wp-image-421\" srcset=\"https:\/\/fphy.usthb.dz\/wp-content\/uploads\/2022\/05\/fac1.png 1024w, https:\/\/fphy.usthb.dz\/wp-content\/uploads\/2022\/05\/fac1-300x124.png 300w, https:\/\/fphy.usthb.dz\/wp-content\/uploads\/2022\/05\/fac1-768x317.png 768w\" sizes=\"auto, (max-width: 1024px) 100vw, 1024px\" \/><figcaption class=\"wp-element-caption\"><strong>La Facult\u00e9 de Physique<\/strong><\/figcaption><\/figure>\n\n\n\n<p><strong>La Facult\u00e9 de Physique <\/strong>est une unit\u00e9 d\u2019enseignement et de recherche de l\u2019Universit\u00e9 des Sciences et de la Technologie Houari Boumediene (USTHB). Dans la nouvelle reforme des enseignements LMD, la physique fait partie avec la chimie du Domaine Sciences de la Mati\u00e8re (SM).<br><strong>Les missions principales de la facult\u00e9<\/strong> sont de former des dipl\u00f4m\u00e9s en Licence, Master et Doctorat en Physique et d\u2019assurer les activit\u00e9s de recherche scientifique.<\/p>\n\n\n\n<blockquote class=\"wp-block-quote is-style-large is-layout-flow wp-block-quote-is-layout-flow\">\n<p>                                              <strong>La Facult\u00e9 de Physique est dirig\u00e9e par le doyen<\/strong>,\u00a0<\/p>\n\n\n\n<p>                                                 <strong>              Pr.MOUSSAOUI Nourredine<\/strong><\/p>\n\n\n\n<blockquote class=\"wp-block-quote is-layout-flow wp-block-quote-is-layout-flow\">\n<p>                <strong>Pr\u00e9sentation de la Facult\u00e9 de Physique (Portes ouvertes sur la Facult\u00e9 Physique)<\/strong>\u00a0:\u00a0<a href=\"https:\/\/drive.google.com\/file\/d\/1ZsFUjRtHkgzrn6FL9K4AH6krdVnBxmmW\/view?usp=sharing\" target=\"_blank\" rel=\"noreferrer noopener\">https:\/\/drive.google.com\/file\/d\/1ZsFUjRtHkgzrn6FL9K4AH6krdVnBxmmW\/view?usp=sharing<\/a><\/p>\n<\/blockquote>\n<\/blockquote>\n\n\n\n<figure class=\"wp-block-gallery has-nested-images columns-default is-cropped wp-block-gallery-1 is-layout-flex wp-block-gallery-is-layout-flex\">\n<figure class=\"wp-block-image size-large\"><img loading=\"lazy\" decoding=\"async\" width=\"1024\" height=\"569\" data-id=\"3622\" src=\"https:\/\/fphy.usthb.dz\/wp-content\/uploads\/2025\/09\/image-1024x569.png\" alt=\"\" class=\"wp-image-3622\" srcset=\"https:\/\/fphy.usthb.dz\/wp-content\/uploads\/2025\/09\/image-1024x569.png 1024w, https:\/\/fphy.usthb.dz\/wp-content\/uploads\/2025\/09\/image-300x167.png 300w, https:\/\/fphy.usthb.dz\/wp-content\/uploads\/2025\/09\/image-768x427.png 768w, https:\/\/fphy.usthb.dz\/wp-content\/uploads\/2025\/09\/image.png 1278w\" sizes=\"auto, (max-width: 1024px) 100vw, 1024px\" \/><\/figure>\n<\/figure>\n","protected":false},"excerpt":{"rendered":"<p>La Facult\u00e9 de Physique est une unit\u00e9 d\u2019enseignement et de recherche de l\u2019Universit\u00e9 des Sciences et de la Technologie Houari <span class=\"readmore\"><a href=\"https:\/\/fphy.usthb.dz\/index.php\/presentation\/\">Suite<\/a><\/span><\/p>\n","protected":false},"author":2,"featured_media":0,"parent":0,"menu_order":0,"comment_status":"closed","ping_status":"closed","template":"","meta":{"footnotes":""},"class_list":["post-373","page","type-page","status-publish","hentry"],"_links":{"self":[{"href":"https:\/\/fphy.usthb.dz\/index.php\/wp-json\/wp\/v2\/pages\/373","targetHints":{"allow":["GET"]}}],"collection":[{"href":"https:\/\/fphy.usthb.dz\/index.php\/wp-json\/wp\/v2\/pages"}],"about":[{"href":"https:\/\/fphy.usthb.dz\/index.php\/wp-json\/wp\/v2\/types\/page"}],"author":[{"embeddable":true,"href":"https:\/\/fphy.usthb.dz\/index.php\/wp-json\/wp\/v2\/users\/2"}],"replies":[{"embeddable":true,"href":"https:\/\/fphy.usthb.dz\/index.php\/wp-json\/wp\/v2\/comments?post=373"}],"version-history":[{"count":7,"href":"https:\/\/fphy.usthb.dz\/index.php\/wp-json\/wp\/v2\/pages\/373\/revisions"}],"predecessor-version":[{"id":3624,"href":"https:\/\/fphy.usthb.dz\/index.php\/wp-json\/wp\/v2\/pages\/373\/revisions\/3624"}],"wp:attachment":[{"href":"https:\/\/fphy.usthb.dz\/index.php\/wp-json\/wp\/v2\/media?parent=373"}],"curies":[{"name":"wp","href":"https:\/\/api.w.org\/{rel}","templated":true}]}}