{"id":4041,"date":"2026-02-10T11:13:37","date_gmt":"2026-02-10T11:13:37","guid":{"rendered":"https:\/\/fphy.usthb.dz\/?page_id=4041"},"modified":"2026-04-19T21:14:02","modified_gmt":"2026-04-19T21:14:02","slug":"avis-dinfructuosite-2","status":"publish","type":"page","link":"https:\/\/fphy.usthb.dz\/index.php\/avis-dinfructuosite-2\/","title":{"rendered":"Les\u00a0Journ\u00e9es\u00a0Scientifiques et\u00a0P\u00e9dagogiques\u00a0(JSP&#8217;27)\u00a0de la Facult\u00e9 de Physique"},"content":{"rendered":"\n<h1 class=\"wp-block-heading\">Les&nbsp;Journ\u00e9es&nbsp;Scientifiques et&nbsp;P\u00e9dagogiques<strong>&nbsp;(<\/strong>JSP&#8217;27)&nbsp;de la Facult\u00e9 de Physique sont de retour cette ann\u00e9e.<strong>&nbsp;<\/strong>Un programme riche vous attend: des&nbsp;conf\u00e9rences sur&nbsp;:&nbsp;<strong>&nbsp; &nbsp;<\/strong><\/h1>\n\n\n\n<h1 class=\"wp-block-heading\">                                                                              <em><strong>l&#8217;HYDROG\u00c8NE&nbsp; VERT<\/strong><\/em><\/h1>\n\n\n\n<h2 class=\"wp-block-heading\"><strong>&nbsp; &nbsp; &nbsp; &nbsp; &nbsp; &nbsp;<\/strong>Des communications, des posters et des Stands sur la&nbsp;<strong>PHYSIQUE<\/strong>&nbsp;et ses nombreuses applications,&nbsp; seront au rendez-vous.&nbsp;<strong>***Soyez nombreux \u00e0 participer***<\/strong><\/h2>\n\n\n\n<h2 class=\"wp-block-heading\">Lien d&#8217;inscription : <a href=\"https:\/\/forms.gle\/JH6WU8UvBnxrmgxt8\">https:\/\/forms.gle\/JH6WU8UvBnxrmgxt8<\/a><\/h2>\n\n\n\n<h2 class=\"wp-block-heading\">&#8211; Date limite des soumissions :<strong>&nbsp; &nbsp; &nbsp;&nbsp;11 avril&nbsp;2026<\/strong><\/h2>\n\n\n\n<h2 class=\"wp-block-heading\">&#8211; Notification d&#8217;acceptation&nbsp;:<strong>&nbsp; &nbsp; &nbsp;<\/strong>&nbsp;&nbsp;<strong>15 avril&nbsp;2026<\/strong><\/h2>\n\n\n\n<h2 class=\"wp-block-heading\">&#8211; Confirmation de participation:<strong>&nbsp; &nbsp;&nbsp;17 avril&nbsp;2026<\/strong><\/h2>\n\n\n\n<h2 class=\"wp-block-heading\"><a href=\"http:\/\/fphy.usthb.dz\/wp-content\/uploads\/2026\/03\/JSP27aFFICHE.pdf\">AFFICHE DE L&#8217;APPEL JSP&#8217;27<\/a><\/h2>\n\n\n\n<h2 class=\"wp-block-heading\"><a href=\"http:\/\/fphy.usthb.dz\/wp-content\/uploads\/2026\/03\/Modele_JSP27_Resume.pdf\">TEMPLATE DES RESUMES JSP&#8217;27<\/a><\/h2>\n\n\n\n<h2 class=\"wp-block-heading\"><strong><a href=\"http:\/\/fphy.usthb.dz\/wp-content\/uploads\/2026\/04\/Programme.JSP-27-V-Finale-affichage.pdf\">PROGRAMME DES JSP&#8217;27<\/a><\/strong><\/h2>\n\n\n\n<figure class=\"wp-block-image size-large\"><img loading=\"lazy\" decoding=\"async\" width=\"724\" height=\"1024\" src=\"http:\/\/fphy.usthb.dz\/wp-content\/uploads\/2026\/03\/Slide1-724x1024.jpg\" alt=\"\" class=\"wp-image-4203\" srcset=\"https:\/\/fphy.usthb.dz\/wp-content\/uploads\/2026\/03\/Slide1-724x1024.jpg 724w, https:\/\/fphy.usthb.dz\/wp-content\/uploads\/2026\/03\/Slide1-212x300.jpg 212w, https:\/\/fphy.usthb.dz\/wp-content\/uploads\/2026\/03\/Slide1-768x1086.jpg 768w, https:\/\/fphy.usthb.dz\/wp-content\/uploads\/2026\/03\/Slide1-1087x1536.jpg 1087w, https:\/\/fphy.usthb.dz\/wp-content\/uploads\/2026\/03\/Slide1-1449x2048.jpg 1449w, https:\/\/fphy.usthb.dz\/wp-content\/uploads\/2026\/03\/Slide1-scaled.jpg 1811w\" sizes=\"auto, (max-width: 724px) 100vw, 724px\" \/><\/figure>\n","protected":false},"excerpt":{"rendered":"<p>Les&nbsp;Journ\u00e9es&nbsp;Scientifiques et&nbsp;P\u00e9dagogiques&nbsp;(JSP&#8217;27)&nbsp;de la Facult\u00e9 de Physique sont de retour cette ann\u00e9e.&nbsp;Un programme riche vous attend: des&nbsp;conf\u00e9rences sur&nbsp;:&nbsp;&nbsp; &nbsp; l&#8217;HYDROG\u00c8NE&nbsp; VERT <span class=\"readmore\"><a href=\"https:\/\/fphy.usthb.dz\/index.php\/avis-dinfructuosite-2\/\">Suite<\/a><\/span><\/p>\n","protected":false},"author":2,"featured_media":4203,"parent":0,"menu_order":0,"comment_status":"closed","ping_status":"closed","template":"","meta":{"footnotes":""},"class_list":["post-4041","page","type-page","status-publish","has-post-thumbnail","hentry"],"_links":{"self":[{"href":"https:\/\/fphy.usthb.dz\/index.php\/wp-json\/wp\/v2\/pages\/4041","targetHints":{"allow":["GET"]}}],"collection":[{"href":"https:\/\/fphy.usthb.dz\/index.php\/wp-json\/wp\/v2\/pages"}],"about":[{"href":"https:\/\/fphy.usthb.dz\/index.php\/wp-json\/wp\/v2\/types\/page"}],"author":[{"embeddable":true,"href":"https:\/\/fphy.usthb.dz\/index.php\/wp-json\/wp\/v2\/users\/2"}],"replies":[{"embeddable":true,"href":"https:\/\/fphy.usthb.dz\/index.php\/wp-json\/wp\/v2\/comments?post=4041"}],"version-history":[{"count":10,"href":"https:\/\/fphy.usthb.dz\/index.php\/wp-json\/wp\/v2\/pages\/4041\/revisions"}],"predecessor-version":[{"id":4249,"href":"https:\/\/fphy.usthb.dz\/index.php\/wp-json\/wp\/v2\/pages\/4041\/revisions\/4249"}],"wp:featuredmedia":[{"embeddable":true,"href":"https:\/\/fphy.usthb.dz\/index.php\/wp-json\/wp\/v2\/media\/4203"}],"wp:attachment":[{"href":"https:\/\/fphy.usthb.dz\/index.php\/wp-json\/wp\/v2\/media?parent=4041"}],"curies":[{"name":"wp","href":"https:\/\/api.w.org\/{rel}","templated":true}]}}